{"id":2612,"date":"2018-07-12T18:11:24","date_gmt":"2018-07-12T16:11:24","guid":{"rendered":"http:\/\/www.pianuraisontina.it\/?page_id=2612"},"modified":"2021-07-08T17:03:39","modified_gmt":"2021-07-08T15:03:39","slug":"informativa-relativa-alla-protezione-dei-dati-personali-ai-sensi-dellart-13-del-d-lgs-1962003-e-degli-artt-13-e-14-del-regolamento-ue-6792016","status":"publish","type":"page","link":"https:\/\/www.pianuraisontina.it\/?page_id=2612","title":{"rendered":"Informativa relativa alla protezione dei dati personali &#8211; Regolamento UE 2016\/679 GDPR"},"content":{"rendered":"<p><span style=\"color: #3366ff; font-size: 12pt;\"><strong>INFORMATIVA RELATIVA ALLA PROTEZIONE DEI DATI PERSONALI<\/strong><\/span><\/p>\n<p><span style=\"color: #3366ff; font-size: 12pt;\"><strong>AI SENSI DELL\u2019ART. 13 DEL D.LGS. 196\/2003 E DEGLI ARTT. 13 E 14 DEL REGOLAMENTO UE 2016\/679 GDPR<\/strong><\/span><\/p>\n<p><strong>\u00a0<\/strong><\/p>\n<p><span style=\"font-size: 12pt;\"><strong><em>Gentile Consorziato\/Contribuente\/Utente,<\/em><\/strong><\/span><\/p>\n<p><span style=\"font-size: 12pt;\"><strong><em>in qualit\u00e0 di Titolare del trattamento dei dati personali, il Consorzio di Bonifica Pianura Isontina \u00e8 tenuto a fornirLe alcune informazioni riguardanti i dati personali in suo possesso e a Lei relativi.<\/em><\/strong><\/span><\/p>\n<p><span style=\"font-size: 10pt;\"><span style=\"color: #3366ff;\"><strong>Titolare del trattamento dei dati personali <\/strong><\/span><\/span><\/p>\n<p><span style=\"font-size: 10pt; color: #3366ff;\">CONSORZIO DI BONIFICA PIANURA ISONTINA<\/span><\/p>\n<p><span style=\"font-size: 10pt; color: #3366ff;\">Via ROMA, 58 \u2013 CAP 34077 \u2013 RONCHI DEI LEGIONARI \u2013 GO<\/span><\/p>\n<p><span style=\"font-size: 10pt; color: #3366ff;\">Tel 0481774311 \u2013 Fax 0481774333 &#8211; Email: info@ pianuraisontina.it &#8211; pec: bonificavg@legalmail.it<\/span><\/p>\n<p><span style=\"font-size: 10pt; color: #3366ff;\"><strong>Responsabile della Protezione dei dati (RPD)<\/strong><\/span><\/p>\n<p><span style=\"font-size: 10pt; color: #3366ff;\"><strong>CARUSO SILVIA<\/strong> \u2013 Consorzio di Bonifica Pianura Isontina<\/span><\/p>\n<p><span style=\"font-size: 10pt; color: #3366ff;\">Telefono: 0481774314<\/span><\/p>\n<p><span style=\"font-size: 10pt; color: #3366ff;\">e-mail: dpo@pianuraisontina.it<\/span><\/p>\n<p><span style=\"font-size: 10pt; color: #3366ff;\">pec: bonificavg@legalmail.it<\/span><\/p>\n<p><span style=\"font-size: 10pt;\"><span style=\"color: #3366ff;\"><strong>FINALITA\u2019 DEL TRATTAMENTO<\/strong><\/span><\/span><\/p>\n<p><span style=\"font-size: 10pt;\">Il trattamento dei suoi dati personali avverr\u00e0, nell\u2019ambito dei compiti istituzionali del Consorzio di Bonifica Pianura Isontina previsti dalle leggi statali, dalla L.R. n.28\/2002, nonch\u00e9 dal vigente statuto consorziale, e, pertanto, ai sensi dell\u2019art. 6 comma 1 lett. e) del Regolamento UE 2016\/679 GDPR non necessita del Suo consenso.<\/span><\/p>\n<p><span style=\"font-size: 10pt;\">I Suoi dati personali sono trattati per le seguenti finalit\u00e0:<\/span><\/p>\n<p><span style=\"font-size: 10pt;\">&#8211; Adempiere a obblighi derivanti da leggi, da regolamenti, dallo statuto consorziale e\/o da contratti;<\/span><\/p>\n<p><span style=\"font-size: 10pt;\">&#8211; Gestione amministrativa e contabile della sua posizione ai fini fiscali, previdenziali, bancari e assicurativi;<\/span><\/p>\n<p><span style=\"font-size: 10pt;\">&#8211; Finalit\u00e0 strettamente connesse e strumentali alla gestione dei rapporti con i consorziati, del rapporto di lavoro o commerciale, compresi i rapporti relativi a procedure ablative e\/o di rilascio di provvedimenti concessori\/autorizzativi;<\/span><\/p>\n<p><span style=\"font-size: 10pt;\">&#8211; Gestione di appalti pubblici di lavori, servizi e forniture;<\/span><\/p>\n<p><span style=\"font-size: 10pt;\">&#8211; Per finalit\u00e0 di miglioramento del funzionamento organizzativo, di controllo, di gestione consortile e di statistica;<\/span><\/p>\n<p><span style=\"font-size: 10pt;\">&#8211; Far valere o difendere un diritto anche da parte di un terzo in sede giudiziaria di ogni ordine e grado nonch\u00e9 in sede amministrativa o nelle procedure di arbitrato o di conciliazione nei casi previsti dalla legge, dalla normativa comunitaria, dai regolamenti, dai contratti.<\/span><\/p>\n<p><span style=\"font-size: 10pt;\">I suoi dati verranno trattati in base ai principi di liceit\u00e0, correttezza e trasparenza, come previsto dall\u2019Art. 5, punto 1, lettera a del GDPR 2016\/679.<\/span><\/p>\n<p><span style=\"font-size: 10pt; color: #3366ff;\"><strong>MODALITA\u2019 DEL TRATTAMENTO<\/strong><\/span><\/p>\n<p><span style=\"font-size: 10pt;\">Il Trattamento dei dati per le finalit\u00e0 esposte ha luogo sia con modalit\u00e0 automatizzate, su supporto elettronico o magnetico, sia non automatizzate, su supporto cartaceo, nel rispetto delle regole di riservatezza e di sicurezza previste dalla legge, dai regolamenti conseguenti e da disposizioni interne.<\/span><\/p>\n<p><span style=\"font-size: 10pt;\">I Suoi dati saranno gestiti e conservati secondo i criteri indicati nel \u201cModello Organizzativo di gestione in attuazione della normativa in materia di trattamento dei dati personali, Regolamento Europeo Privacy UE\/2016\/679\u201d, adottato con Delibera della Deputazione Amministrativa del Consorzio di Bonifica Pianura Isontina n.110\/18 dd. 22\/05\/2018.<\/span><\/p>\n<p><span style=\"font-size: 10pt; color: #3366ff;\"><strong>LUOGO DEL TRATTAMENTO<\/strong><\/span><\/p>\n<p><span style=\"font-size: 10pt;\">I dati vengono attualmente trattati ed archiviati presso la sede legale della scrivente, CONSORZIO DI BONIFICA PIANURA ISONTINA &#8211; Via Roma n.58 \u2013 34077 Ronchi dei Legionari (Go) Tel 0481774311 \u2013 Fax 0481774333 &#8211; Email: info@ pianuraisontina.it<\/span><\/p>\n<p><span style=\"font-size: 10pt;\">Gli archivi informatici sono depositati presso i data center di Capacitas Spa \u2013 San Don\u00e0 di Piave (Ve). Sono inoltre trattati, per conto della Scrivente, da professionisti e\/o societ\u00e0 incaricati di svolgere attivit\u00e0 tecniche, di sviluppo, gestionali ed amministrativo \u2013 contabili.<\/span><\/p>\n<p><span style=\"font-size: 10pt;\">Per lo svolgimento di ciascun servizio esterno che implica organizzazione\/archiviazione e gestione di dati il Consorzio redige specifico atto di nomina a Responsabile Esterno al Trattamento ai sensi dell\u2019art. 28 GDPR \u2013 artt.4 e 29 D.Lgs. 196\/03 (Codice alla Privacy) per come aggiornato dal D.Lgs. 101\/2018.<\/span><\/p>\n<p><span style=\"font-size: 10pt; color: #3366ff;\"><strong>NATURA DEL CONFERIMENTO E CONSEGUENZE DI UN EVENTUALE RIFIUTO<\/strong><\/span><\/p>\n<p><span style=\"font-size: 10pt;\">Per quanto concerne i dati raccolti ed annotati nell\u2019ambito del Catasto Consortile, si fa presente che gli stessi sono reperiti anche tramite pubblici registri (Agenzia delle Entrate \u2013 Uffici Provinciali del Territorio di Gorizia, Udine, Trieste, Regione Autonoma Friuli Venezia Giulia Servizio del Libro fondiario, Conservatoria RR.II, C.C.I.A.A, Anagrafe Comuni Italiani) e sono trattati in base ad un preciso obbligo normativo previsto dall&#8217;art. 109 del R.D. n\u00b0 368\/1904, il quale impone ai Consorzi di Bonifica di tenere un registro delle propriet\u00e0 consorziate (terreni e fabbricati), suddiviso per comuni, su cui devono essere riportati tutti i dati necessari ad individuare il proprietario ed il relativo immobile, nonch\u00e9 le eventuali variazioni. Il conferimento di ulteriori dati \u00e8 per Lei obbligatorio per tutto quanto \u00e8 richiesto dagli obblighi di legge e statutari e pertanto l\u2019eventuale non comunicazione o comunicazione errata di una delle informazioni obbligatorie, pu\u00f2 dar luogo all\u2019impossibilit\u00e0 per il Consorzio di dare esecuzione agli obblighi stessi o di svolgere tutti gli adempimenti ad essi connessi.<\/span><\/p>\n<p><span style=\"font-size: 10pt; color: #3366ff;\"><strong>COMUNICAZIONE DEI DATI<\/strong><\/span><\/p>\n<p><span style=\"font-size: 10pt;\">Ferme restando tutte le comunicazioni eseguite in adempimento di obblighi contrattuali o di legge, i dati raccolti ed elaborati potranno essere comunicati in Italia e trasferiti fuori dall\u2019Italia esclusivamente per le finalit\u00e0 sopra indicate a:<\/span><\/p>\n<p><span style=\"font-size: 10pt;\">&#8211; Associazioni cui il Titolare del trattamento appartiene<\/span><br \/>\n<span style=\"font-size: 10pt;\"> &#8211; Consulenti esterni del Titolare del Trattamento<\/span><br \/>\n<span style=\"font-size: 10pt;\"> &#8211; Deputazione Amministrativa, Consiglio dei Delegati e Collegio dei Revisori <\/span><br \/>\n<span style=\"font-size: 10pt;\"> &#8211; Enti Pubblici<\/span><br \/>\n<span style=\"font-size: 10pt;\"> &#8211; Concessionari o soggetti incaricati della Riscossione<\/span><br \/>\n<span style=\"font-size: 10pt;\"> &#8211; Societ\u00e0 di Assicurazione<\/span><br \/>\n<span style=\"font-size: 10pt;\"> &#8211; Istituto di Credito Tesoriere<\/span><br \/>\n<span style=\"font-size: 10pt;\"> &#8211; Software House e consulenti informatici<\/span><\/p>\n<p><span style=\"font-size: 10pt; color: #3366ff;\"><strong>TRASFERIMENTO DEI DATI ALL\u2019ESTERO<\/strong><\/span><\/p>\n<p><span style=\"font-size: 10pt;\">Lo Scrivente non trasferisce dati personali in Paesi Terzi; tuttavia si riserva la possibilit\u00e0 di utilizzare servizi in Cloud ed in tal caso i fornitori dei servizi saranno selezionati tra coloro che forniscono garanzie adeguate, cos\u00ec come previsto dall\u2019art. 46 del GDPR 2016\/679.<\/span><\/p>\n<p><span style=\"font-size: 10pt; color: #3366ff;\"><strong>TEMPI DI CONSERVAZIONE DEI DATI<\/strong><\/span><\/p>\n<p><span style=\"font-size: 10pt;\">I dati forniti verranno conservati presso gli archivi della Scrivente fino al tempo necessario all\u2019espletamento delle funzioni istituzionali dell\u2019Ente.<\/span><\/p>\n<p><span style=\"font-size: 10pt; color: #3366ff;\"><strong>DIRITTI DELL\u2019INTERESSATO<\/strong><\/span><\/p>\n<p><span style=\"font-size: 10pt;\">A norma dell\u2019art. 7 D.Lgs 196\/2003 e a norma degli artt. 15, 16, 17, 18, 20, 21, e 22 del GDPR 2016\/679, l\u2019interessato potr\u00e0 esercitare i suoi diritti scrivendo al Titolare del Trattamento agli indirizzi di seguito indicati:<\/span><\/p>\n<p><span style=\"font-size: 10pt;\">pec: bonificavg@legalmail.it<\/span><\/p>\n<p><span style=\"font-size: 10pt;\">e-mail: dpo@pianuraisontina.it<\/span><\/p>\n<p><span style=\"font-size: 10pt;\">Qualora lo ritenesse, l\u2019interessato ha diritto di presentare un reclamo ad un\u2019autorit\u00e0 di controllo e ha diritto di richiedere al Consorzio di Bonifica Pianura Isontina l\u2019accesso ai Suoi dati personali secondo quanto stabilito dall\u2019art. 15 del Regolamento UE 2016\/679 che si riporta di seguito:<\/span><\/p>\n<p><span style=\"font-size: 10pt;\"><strong>Articolo 15<\/strong><\/span><\/p>\n<p><span style=\"font-size: 10pt;\">Diritto di accesso dell\u2019interessato<\/span><\/p>\n<ol>\n<li><span style=\"font-size: 10pt;\">L\u2019interessato ha il diritto di ottenere dal titolare del trattamento la conferma che sia o meno in corso un trattamento di dati personali che lo riguardano e in tal caso, di ottenere l\u2019accesso ai dati personali e alle seguenti informazioni:<\/span><\/li>\n<li><span style=\"font-size: 10pt;\">le finalit\u00e0 del trattamento;<\/span><\/li>\n<li><span style=\"font-size: 10pt;\">le categorie di dati personali in questione;<\/span><\/li>\n<li><span style=\"font-size: 10pt;\">i destinatari o le categorie di destinatari a cui i dati personali sono stati o saranno comunicati, in particolare se destinatari di paesi terzi o organizzazioni internazionali;<\/span><\/li>\n<li><span style=\"font-size: 10pt;\">quando possibile, il periodo di conservazione dei dati personali previsto oppure, se non \u00e8 possibile, i criteri utilizzati per determinare tale periodo;<\/span><\/li>\n<li><span style=\"font-size: 10pt;\">l\u2019esistenza del diritto dell\u2019interessato di chiedere al titolare del trattamento la rettifica o la cancellazione dei dati personali o la limitazione del trattamento dei dati personali che lo riguardano o di opporsi al loro trattamento;<\/span><\/li>\n<li><span style=\"font-size: 10pt;\">il diritto di proporre reclamo a un\u2019autorit\u00e0 di controllo;<\/span><\/li>\n<li><span style=\"font-size: 10pt;\">qualora i dati non siano raccolti presso l\u2019interessato, tutte le informazioni disponibili sulla loro origine;<\/span><\/li>\n<li><span style=\"font-size: 10pt;\">l\u2019esistenza di un processo decisionale automatizzato, compresa la profilazione di cui all\u2019articolo 22, paragrafi 1 e 4, e, almeno in tali casi, informazioni significative sulla logica utilizzata, nonch\u00e9 l\u2019importanza e le conseguenze previste di tale trattamento per l\u2019interessato.<\/span><\/li>\n<\/ol>\n<p><span style=\"font-size: 10pt; color: #3366ff;\"><strong>DATI DI CONTATTO DEL TITOLARE DEL TRATTAMENTO<\/strong><\/span><\/p>\n<p><span style=\"font-size: 10pt;\"><strong>Titolare del Trattamento<\/strong><\/span><\/p>\n<p><span style=\"font-size: 10pt;\">ENZO LORENZON \u2013 Presidente pro-tempore, legale rappresentante dell\u2019ente<\/span><\/p>\n<p><span style=\"font-size: 10pt;\">E-mail: info@pianuraisontina.it oppure e-mail: bonficavg@legalmail.it<\/span><\/p>\n<p><span style=\"font-size: 10pt;\"><strong>Responsabile del trattamento<\/strong><\/span><\/p>\n<p><span style=\"font-size: 10pt;\">DANIELE LUIS \u2013 Direttore del Consorzio di Bonifica Pianura Isontina<\/span><\/p>\n<p><span style=\"font-size: 10pt;\">e-mail: info@pianuraisontina.it<\/span><\/p>\n<p><span style=\"font-size: 10pt;\"><strong>Responsabile della Protezione dei dati (RPD)<\/strong><\/span><\/p>\n<p><span style=\"font-size: 10pt;\">CARUSO SILVIA \u2013 referente privacy del Consorzio di Bonifica Pianura Isontina<\/span><\/p>\n<p><span style=\"font-size: 10pt;\">e-mail: dpo@pianuraisontina.it<\/span><\/p>\n<p><span style=\"font-size: 10pt;\">pec: bonificavg@legalmail.it<\/span><\/p>\n<p><span style=\"font-size: 10pt; color: #3366ff;\"><strong>SONO PARTE INTEGRANTE DELL\u2019INFORMATIVA GLI ARTICOLI DI SEGUITO RICHIAMATI<\/strong><\/span><\/p>\n<p><span style=\"font-size: 10pt;\">Articolo 7 D.Lgs 196\/2003 &#8211; Diritto di accesso ai dati personali ed altri diritti<\/span><br \/>\n<span style=\"font-size: 10pt;\"> Articolo 15 del GDPR 2016\/679 \u2013 Diritto di Accesso<\/span><br \/>\n<span style=\"font-size: 10pt;\"> Articolo 16 del GDPR 2016\/679 \u2013 Diritto di rettifica<\/span><br \/>\n<span style=\"font-size: 10pt;\"> Articolo 17 del GDPR 2016\/679 \u2013 Diritto alla cancellazione<\/span><br \/>\n<span style=\"font-size: 10pt;\"> Articolo 18 del GDPR 2016\/679 \u2013 Diritto alla limitazione del trattamento<\/span><br \/>\n<span style=\"font-size: 10pt;\"> Articolo 20 del GDPR 2016\/679 \u2013 Diritto alla portabilit\u00e0<\/span><br \/>\n<span style=\"font-size: 10pt;\"> Articolo 21 del GDPR 2016\/679 \u2013 Diritto all\u2019opposizione<\/span><br \/>\n<span style=\"font-size: 10pt;\"> Articolo 22 del GDPR 2016\/679 \u2013 Diritto di opposizione al processo decisionale automatizzato.<\/span><\/p>\n","protected":false},"excerpt":{"rendered":"<p>INFORMATIVA RELATIVA ALLA PROTEZIONE DEI DATI PERSONALI AI SENSI DELL\u2019ART. 13 DEL D.LGS. 196\/2003 E DEGLI ARTT. 13 E 14 DEL REGOLAMENTO UE 2016\/679 GDPR \u00a0 Gentile Consorziato\/Contribuente\/Utente, in qualit\u00e0 di Titolare del trattamento dei dati personali, il Consorzio di Bonifica Pianura Isontina \u00e8 tenuto a fornirLe alcune informazioni riguardanti i dati personali in suo&#8230;<\/p>\n","protected":false},"author":2,"featured_media":0,"parent":0,"menu_order":0,"comment_status":"closed","ping_status":"closed","template":"","meta":{"footnotes":""},"class_list":["post-2612","page","type-page","status-publish","hentry"],"_links":{"self":[{"href":"https:\/\/www.pianuraisontina.it\/index.php?rest_route=\/wp\/v2\/pages\/2612"}],"collection":[{"href":"https:\/\/www.pianuraisontina.it\/index.php?rest_route=\/wp\/v2\/pages"}],"about":[{"href":"https:\/\/www.pianuraisontina.it\/index.php?rest_route=\/wp\/v2\/types\/page"}],"author":[{"embeddable":true,"href":"https:\/\/www.pianuraisontina.it\/index.php?rest_route=\/wp\/v2\/users\/2"}],"replies":[{"embeddable":true,"href":"https:\/\/www.pianuraisontina.it\/index.php?rest_route=%2Fwp%2Fv2%2Fcomments&post=2612"}],"version-history":[{"count":6,"href":"https:\/\/www.pianuraisontina.it\/index.php?rest_route=\/wp\/v2\/pages\/2612\/revisions"}],"predecessor-version":[{"id":7472,"href":"https:\/\/www.pianuraisontina.it\/index.php?rest_route=\/wp\/v2\/pages\/2612\/revisions\/7472"}],"wp:attachment":[{"href":"https:\/\/www.pianuraisontina.it\/index.php?rest_route=%2Fwp%2Fv2%2Fmedia&parent=2612"}],"curies":[{"name":"wp","href":"https:\/\/api.w.org\/{rel}","templated":true}]}}